{"id":2166,"date":"2020-06-11T12:33:36","date_gmt":"2020-06-11T15:33:36","guid":{"rendered":"https:\/\/cosechasalud.com\/wordpress\/?page_id=2166"},"modified":"2022-09-15T10:39:03","modified_gmt":"2022-09-15T13:39:03","slug":"notacovid19","status":"publish","type":"page","link":"https:\/\/cosechasalud.com\/wordpress\/notacovid19\/","title":{"rendered":""},"content":{"rendered":"\n\n[et_pb_section fb_built=&#8221;1&#8243; _builder_version=&#8221;4.4.8&#8243;][et_pb_row _builder_version=&#8221;4.4.8&#8243;][et_pb_column _builder_version=&#8221;4.4.8&#8243; type=&#8221;4_4&#8243;][et_pb_text _builder_version=&#8221;4.4.8&#8243; text_font=&#8221;|600|||||||&#8221; text_font_size=&#8221;15px&#8221; text_line_height=&#8221;3em&#8221;]<p><span><strong>ESTIMADOS SOCIOS:<\/strong><\/span><\/p>\n<p><span>&nbsp;En virtud de la Pandemia del&nbsp;<strong>COVID-19 declarada por OMS<\/strong>&nbsp;y cumpliendo con la normativa impuesta por el Gobierno Nacional y Provincial,&nbsp;<strong><em><u>comunicamos que todas las delegaciones, agencias y farmacias de MCS trabajar\u00e1n durante el periodo de cuarentena en el horario de 8:00 a 12:30 de lunes a viernes y las Farmacias&nbsp;tambi\u00e9n los s\u00e1bados de 9:00 a 12:30.<\/u><\/em><\/strong><\/span><\/p>\n<p><span>De esta manera&nbsp;<u><strong>MCS<\/strong>&nbsp;cumple con las disposiciones vigentes y con la prevenci\u00f3n de la salud de nuestros agentes y la de sus familias<\/u>.&nbsp;<strong>Esta medida es para cuidarnos entre todos, l<\/strong>es pedimos que soliciten los medicamentos a las farmacias v\u00eda WhatsApp y las mismas les responder\u00e1n por el mismo medio cuando tenga listo para retirar, de esta forma evitamos la permanencia o aglomeraci\u00f3n de personas dentro del local.&nbsp;<\/span><\/p>\n<p><span>Como es de conocimiento general, la salud p\u00fablica se encuentra colapsada y con escasos insumos para su funcionamiento.&nbsp;<strong><u>Esto demuestra que el Sector Privado ser\u00e1 la \u00fanica v\u00eda de atenci\u00f3n de la salud<\/u>, por ende se debe entender&nbsp;<em>que mantener al d\u00eda el pago de su servicio de salud es de fundamental importancia para cuidarse Ud. y a su familia.<\/em><\/strong><\/span><\/p>\n<p><span>Estimado Socio,&nbsp;<strong>MCS nunca cerr\u00f3 la atenci\u00f3n a sus asociados<\/strong>, como ocurri\u00f3 y ocurre con otros servicios, estaremos siempre listos para atenderlos y poder gestionar la mejor soluci\u00f3n.<\/span><\/p>[\/et_pb_text][\/et_pb_column][\/et_pb_row][\/et_pb_section]\n\n","protected":false},"excerpt":{"rendered":"<p>ESTIMADOS SOCIOS: &nbsp;En virtud de la Pandemia del&nbsp;COVID-19 declarada por OMS&nbsp;y cumpliendo con la normativa impuesta por el Gobierno Nacional y Provincial,&nbsp;comunicamos que todas las delegaciones, agencias y farmacias de MCS trabajar\u00e1n durante el periodo de cuarentena en el horario de 8:00 a 12:30 de lunes a viernes y las Farmacias&nbsp;tambi\u00e9n los s\u00e1bados de 9:00 [&hellip;]<\/p>\n","protected":false},"author":1,"featured_media":0,"parent":0,"menu_order":0,"comment_status":"closed","ping_status":"closed","template":"","meta":{"_et_pb_use_builder":"on","_et_pb_old_content":"","_et_gb_content_width":"2880","_monsterinsights_skip_tracking":false,"_monsterinsights_sitenote_active":false,"_monsterinsights_sitenote_note":"","_monsterinsights_sitenote_category":0,"footnotes":""},"class_list":["post-2166","page","type-page","status-publish","hentry"],"_links":{"self":[{"href":"https:\/\/cosechasalud.com\/wordpress\/wp-json\/wp\/v2\/pages\/2166","targetHints":{"allow":["GET"]}}],"collection":[{"href":"https:\/\/cosechasalud.com\/wordpress\/wp-json\/wp\/v2\/pages"}],"about":[{"href":"https:\/\/cosechasalud.com\/wordpress\/wp-json\/wp\/v2\/types\/page"}],"author":[{"embeddable":true,"href":"https:\/\/cosechasalud.com\/wordpress\/wp-json\/wp\/v2\/users\/1"}],"replies":[{"embeddable":true,"href":"https:\/\/cosechasalud.com\/wordpress\/wp-json\/wp\/v2\/comments?post=2166"}],"version-history":[{"count":5,"href":"https:\/\/cosechasalud.com\/wordpress\/wp-json\/wp\/v2\/pages\/2166\/revisions"}],"predecessor-version":[{"id":2179,"href":"https:\/\/cosechasalud.com\/wordpress\/wp-json\/wp\/v2\/pages\/2166\/revisions\/2179"}],"wp:attachment":[{"href":"https:\/\/cosechasalud.com\/wordpress\/wp-json\/wp\/v2\/media?parent=2166"}],"curies":[{"name":"wp","href":"https:\/\/api.w.org\/{rel}","templated":true}]}}