{"id":897,"date":"2018-08-16T18:47:27","date_gmt":"2018-08-16T21:47:27","guid":{"rendered":"https:\/\/cosechasalud.com\/wordpress\/?page_id=897"},"modified":"2021-07-06T10:04:54","modified_gmt":"2021-07-06T13:04:54","slug":"modo-uso-vip-dorado","status":"publish","type":"page","link":"https:\/\/cosechasalud.com\/wordpress\/modo-uso-vip-dorado\/","title":{"rendered":"Modo Uso VIP DORADO"},"content":{"rendered":"<p>[et_pb_section fb_built=&#8221;1&#8243; _builder_version=&#8221;3.22&#8243;][et_pb_row module_class=&#8221; et_pb_row_fullwidth&#8221; _builder_version=&#8221;3.25&#8243; background_color=&#8221;#727272&#8243; background_size=&#8221;initial&#8221; background_position=&#8221;top_left&#8221; background_repeat=&#8221;repeat&#8221; width=&#8221;89%&#8221; width_tablet=&#8221;80%&#8221; width_phone=&#8221;&#8221; width_last_edited=&#8221;on|desktop&#8221; max_width=&#8221;89%&#8221; max_width_tablet=&#8221;80%&#8221; max_width_phone=&#8221;&#8221; max_width_last_edited=&#8221;on|desktop&#8221; make_fullwidth=&#8221;on&#8221;][et_pb_column type=&#8221;4_4&#8243; _builder_version=&#8221;3.25&#8243; custom_padding=&#8221;|||&#8221; custom_padding__hover=&#8221;|||&#8221;][et_pb_text _builder_version=&#8221;3.27.4&#8243;]<\/p>\n<h1 style=\"text-align: center;\"><span style=\"color: #ffffff;\">Modo de uso plan <\/span><\/h1>\n<h1 style=\"text-align: center;\"><span style=\"color: #ffffff;\">VIP DORADO<\/span><\/h1>\n<p>[\/et_pb_text][\/et_pb_column][\/et_pb_row][et_pb_row _builder_version=&#8221;3.25&#8243;][et_pb_column type=&#8221;4_4&#8243; _builder_version=&#8221;3.25&#8243; custom_padding=&#8221;|||&#8221; custom_padding__hover=&#8221;|||&#8221;][et_pb_image src=&#8221;https:\/\/cosechasalud.com\/wordpress\/wp-content\/uploads\/2018\/05\/Frente-Carnet-VIP-Dorado.png&#8221; align=&#8221;center&#8221; align_tablet=&#8221;center&#8221; align_phone=&#8221;&#8221; align_last_edited=&#8221;on|desktop&#8221; _builder_version=&#8221;3.23&#8243; border_radii=&#8221;on|10px|10px|10px|10px&#8221; box_shadow_style=&#8221;preset1&#8243;][\/et_pb_image][\/et_pb_column][\/et_pb_row][et_pb_row column_structure=&#8221;1_2,1_2&#8243; _builder_version=&#8221;3.25&#8243;][et_pb_column type=&#8221;1_2&#8243; _builder_version=&#8221;3.25&#8243; custom_padding=&#8221;|||&#8221; custom_padding__hover=&#8221;|||&#8221;][et_pb_text _builder_version=&#8221;3.27.4&#8243; text_font=&#8221;Times New Roman|800|||||||&#8221; text_font_size=&#8221;35px&#8221; link_font=&#8221;||||||||&#8221; link_text_align=&#8221;center&#8221; link_text_color=&#8221;#ffffff&#8221; header_font=&#8221;||||||||&#8221; header_2_font=&#8221;||||||||&#8221; header_3_font=&#8221;||||||||&#8221; background_color=&#8221;#7cda24&#8243; text_orientation=&#8221;center&#8221; background_layout=&#8221;dark&#8221; custom_margin=&#8221;|||0px&#8221; custom_padding=&#8221;15px||15px|&#8221;]<span style=\"font-size: 35px;\">consultas<\/span><span style=\"font-size: 35px;\">\u00a0<\/span><br \/>\n[\/et_pb_text][et_pb_text _builder_version=&#8221;3.27.4&#8243; custom_margin=&#8221;-31px|||0px&#8221; custom_padding=&#8221;11px||0px|8px&#8221; border_radii=&#8221;on|2px|2px|2px|2px&#8221; border_width_all=&#8221;2px&#8221; border_color_all=&#8221;#878787&#8243;]S\u00e9 podr\u00e1n realizar en Rp y debe contener los siguientes datos:<\/p>\n<ul>\n<li>Nombre del socio<\/li>\n<li>N\u00famero del socio<\/li>\n<li>Fecha de consulta<\/li>\n<li>Diagn\u00f3stico<\/li>\n<li>Firma y Aclaraci\u00f3n del socio<\/li>\n<li>DNI del socio<\/li>\n<\/ul>\n<p>[\/et_pb_text][\/et_pb_column][et_pb_column type=&#8221;1_2&#8243; _builder_version=&#8221;3.25&#8243; custom_padding=&#8221;|||&#8221; custom_padding__hover=&#8221;|||&#8221;][et_pb_text _builder_version=&#8221;3.27.4&#8243; text_font=&#8221;Times New Roman|800|||||||&#8221; text_font_size=&#8221;35px&#8221; link_font=&#8221;||||||||&#8221; link_text_align=&#8221;center&#8221; link_text_color=&#8221;#ffffff&#8221; header_font=&#8221;||||||||&#8221; header_2_font=&#8221;||||||||&#8221; header_3_font=&#8221;||||||||&#8221; background_color=&#8221;#7cda24&#8243; text_orientation=&#8221;center&#8221; background_layout=&#8221;dark&#8221; custom_padding=&#8221;15px||15px|&#8221;]<span style=\"font-size: 35px;\">farmacia<\/span><br \/>\n[\/et_pb_text][et_pb_text _builder_version=&#8221;3.27.4&#8243; custom_margin=&#8221;-31px|||0px&#8221; custom_padding=&#8221;11px||0px|8px&#8221; border_radii=&#8221;on|2px|2px|2px|2px&#8221; border_width_all=&#8221;2px&#8221; border_color_all=&#8221;#878787&#8243;]S\u00e9 podr\u00e1n realizar en Rp y pueden contener hasta <strong>dos (02)<\/strong> medicamentos por Rp.<\/p>\n<p>Es <strong>obligatorio<\/strong> colocar la <strong>monodroga<\/strong> y nombre comercial con su presentaci\u00f3n del medicamento.<\/p>\n<p>Es <strong>obligatorio<\/strong> colocar el\u00a0<strong>diagn\u00f3stico <\/strong>y<strong> fecha de expendio.<\/strong><br \/>\n[\/et_pb_text][\/et_pb_column][\/et_pb_row][et_pb_row column_structure=&#8221;1_2,1_2&#8243; _builder_version=&#8221;3.25&#8243;][et_pb_column type=&#8221;1_2&#8243; _builder_version=&#8221;3.25&#8243; custom_padding=&#8221;|||&#8221; custom_padding__hover=&#8221;|||&#8221;][et_pb_text _builder_version=&#8221;3.27.4&#8243; text_font=&#8221;Times New Roman|800|||||||&#8221; text_font_size=&#8221;35px&#8221; link_font=&#8221;||||||||&#8221; link_text_align=&#8221;center&#8221; link_text_color=&#8221;#ffffff&#8221; header_font=&#8221;||||||||&#8221; header_2_font=&#8221;||||||||&#8221; header_3_font=&#8221;||||||||&#8221; background_color=&#8221;#7cda24&#8243; text_orientation=&#8221;center&#8221; background_layout=&#8221;dark&#8221; custom_padding=&#8221;15px||15px|&#8221;]<\/p>\n<p style=\"text-align: center;\"><span style=\"font-size: 35px;\">\u00a0pr\u00e1cticas<\/span><\/p>\n<p style=\"text-align: center;\"><span style=\"font-size: 35px;\">\u00a0<\/span>bioqu\u00edmicas<span style=\"font-size: 35px;\">\u00a0<\/span><\/p>\n<p>[\/et_pb_text][et_pb_text _builder_version=&#8221;3.27.4&#8243; custom_margin=&#8221;-31px|||0px&#8221; custom_padding=&#8221;11px||0px|8px&#8221; border_radii=&#8221;on|2px|2px|2px|2px&#8221; border_width_all=&#8221;2px&#8221; border_color_all=&#8221;#878787&#8243;]S\u00e9 podr\u00e1n realizar <strong>pr\u00e1cticas bioqu\u00edmicas comunes<\/strong> de baja frecuencia <strong>hasta ocho (08) c\u00f3digos (comprendidos entre los c\u00f3digos 0002 y 1196)<\/strong>\u00a0<strong>SIN<\/strong> autorizaci\u00f3n de la Auditoria M\u00e9dica.<\/p>\n<p>S\u00e9 podr\u00e1n realizar\u00a0<strong>pr\u00e1cticas bioqu\u00edmicas de<\/strong> <strong>alta complejidad<\/strong>\u00a0<strong>CON<\/strong> autorizaci\u00f3n de la Auditoria M\u00e9dica.<\/p>\n<p>Es <strong>obligatorio<\/strong> colocar el\u00a0<strong>diagn\u00f3stico <\/strong>y<strong> fecha de realizaci\u00f3n.<\/strong><br \/>\n[\/et_pb_text][\/et_pb_column][et_pb_column type=&#8221;1_2&#8243; _builder_version=&#8221;3.25&#8243; custom_padding=&#8221;|||&#8221; custom_padding__hover=&#8221;|||&#8221;][et_pb_text _builder_version=&#8221;3.27.4&#8243; text_font=&#8221;Times New Roman|800|||||||&#8221; text_font_size=&#8221;35px&#8221; link_font=&#8221;||||||||&#8221; link_text_align=&#8221;center&#8221; link_text_color=&#8221;#ffffff&#8221; header_font=&#8221;||||||||&#8221; header_2_font=&#8221;||||||||&#8221; header_3_font=&#8221;||||||||&#8221; background_color=&#8221;#7cda24&#8243; text_orientation=&#8221;center&#8221; background_layout=&#8221;dark&#8221; custom_padding=&#8221;15px||15px|&#8221;]<\/p>\n<p style=\"text-align: center;\"><span style=\"font-size: 35px;\">\u00a0pr\u00e1cticas\u00a0<\/span><\/p>\n<p style=\"text-align: center;\">m\u00e9dicas<span style=\"font-size: 35px;\">\u00a0<\/span><\/p>\n<p>[\/et_pb_text][et_pb_text _builder_version=&#8221;3.27.4&#8243; custom_margin=&#8221;-31px|||0px&#8221; custom_padding=&#8221;11px||0px|8px&#8221; border_radii=&#8221;on|2px|2px|2px|2px&#8221; border_width_all=&#8221;2px&#8221; border_color_all=&#8221;#878787&#8243;]S\u00e9 podr\u00e1n realizar pr\u00e1cticas de <strong>baja<\/strong> y<strong> media<\/strong> complejidad <strong>SIN<\/strong> autorizaci\u00f3n de la Auditoria M\u00e9dica.<\/p>\n<p>S\u00e9 podr\u00e1n realizar pr\u00e1cticas de <strong>alta complejidad<\/strong> con <strong>Historia Cl\u00ednica<\/strong> y <strong>CON<\/strong> autorizaci\u00f3n de la Auditoria M\u00e9dica.<\/p>\n<p>Es <strong>obligatorio<\/strong> colocar el\u00a0<strong>diagn\u00f3stico <\/strong>y<strong> fecha de realizaci\u00f3n.<\/strong><br \/>\n[\/et_pb_text][\/et_pb_column][\/et_pb_row][et_pb_row column_structure=&#8221;1_2,1_2&#8243; _builder_version=&#8221;3.25&#8243;][et_pb_column type=&#8221;1_2&#8243; _builder_version=&#8221;3.25&#8243; custom_padding=&#8221;|||&#8221; custom_padding__hover=&#8221;|||&#8221;][et_pb_text _builder_version=&#8221;3.27.4&#8243; text_font=&#8221;Times New Roman|800|||||||&#8221; text_font_size=&#8221;35px&#8221; link_font=&#8221;||||||||&#8221; link_text_align=&#8221;center&#8221; link_text_color=&#8221;#ffffff&#8221; header_font=&#8221;||||||||&#8221; header_2_font=&#8221;||||||||&#8221; header_3_font=&#8221;||||||||&#8221; background_color=&#8221;#7cda24&#8243; text_orientation=&#8221;center&#8221; background_layout=&#8221;dark&#8221; custom_padding=&#8221;15px||15px|&#8221;]kinesiolog\u00eda<br \/>\n[\/et_pb_text][et_pb_text _builder_version=&#8221;3.27.4&#8243; custom_margin=&#8221;-31px|||0px&#8221; custom_padding=&#8221;11px||0px|8px&#8221; border_radii=&#8221;on|2px|2px|2px|2px&#8221; border_width_all=&#8221;2px&#8221; border_color_all=&#8221;#878787&#8243;]<\/p>\n<p>S\u00e9 podr\u00e1n realizar <strong>hasta seis (06) sesiones<\/strong>\u00a0<strong>SIN<\/strong> autorizaci\u00f3n de la Auditoria M\u00e9dica, hasta tres (03) sesiones por orden de pr\u00e1ctica.<\/p>\n<p>Es <strong>obligatorio<\/strong> colocar el\u00a0<strong>diagn\u00f3stico <\/strong>y<strong> fecha de realizaci\u00f3n.<\/strong><\/p>\n<p>[\/et_pb_text][\/et_pb_column][et_pb_column type=&#8221;1_2&#8243; _builder_version=&#8221;3.25&#8243; custom_padding=&#8221;|||&#8221; custom_padding__hover=&#8221;|||&#8221;][et_pb_text _builder_version=&#8221;3.27.4&#8243; text_font=&#8221;Times New Roman|800|||||||&#8221; text_font_size=&#8221;35px&#8221; link_font=&#8221;||||||||&#8221; link_text_align=&#8221;center&#8221; link_text_color=&#8221;#ffffff&#8221; header_font=&#8221;||||||||&#8221; header_2_font=&#8221;||||||||&#8221; header_3_font=&#8221;||||||||&#8221; background_color=&#8221;#7cda24&#8243; text_orientation=&#8221;center&#8221; background_layout=&#8221;dark&#8221; custom_padding=&#8221;15px||15px|&#8221;]odontolog\u00eda<br \/>\n[\/et_pb_text][et_pb_text _builder_version=&#8221;3.27.4&#8243; custom_margin=&#8221;-31px|||0px&#8221; custom_padding=&#8221;11px||0px|8px&#8221; border_radii=&#8221;on|2px|2px|2px|2px&#8221; border_width_all=&#8221;2px&#8221; border_color_all=&#8221;#878787&#8243;]S\u00e9 podr\u00e1n realizar en formulario <strong>K<\/strong>\u00a0<strong>hasta dos (02) pr\u00e1cticas<\/strong>\u00a0<strong>SIN<\/strong> autorizaci\u00f3n de la Auditoria M\u00e9dica.<\/p>\n<p>Es <strong>obligatorio<\/strong> colocar <strong>fecha de realizaci\u00f3n.<\/strong><br \/>\n[\/et_pb_text][\/et_pb_column][\/et_pb_row][et_pb_row _builder_version=&#8221;3.25&#8243;][et_pb_column type=&#8221;4_4&#8243; _builder_version=&#8221;3.25&#8243; custom_padding=&#8221;|||&#8221; custom_padding__hover=&#8221;|||&#8221;][et_pb_text _builder_version=&#8221;3.27.4&#8243; text_font=&#8221;||||||||&#8221; text_line_height=&#8221;1.9em&#8221;]<\/p>\n<h4 style=\"text-align: center;\">En todos los casos se le deber\u00e1 exigir el cup\u00f3n de pago al socio para poder realizar la\/s prestaci\u00f3n\/es, excepto aquellos que en el dorso de la credencial digan D\u00c9BITO\u00a0AUTOM\u00c1TICO.<\/h4>\n<p>[\/et_pb_text][\/et_pb_column][\/et_pb_row][et_pb_row _builder_version=&#8221;3.25&#8243; background_color=&#8221;#e02b20&#8243;][et_pb_column type=&#8221;4_4&#8243; _builder_version=&#8221;3.25&#8243; custom_padding=&#8221;|||&#8221; custom_padding__hover=&#8221;|||&#8221;][et_pb_text _builder_version=&#8221;3.27.4&#8243; text_font=&#8221;||||||||&#8221; text_text_color=&#8221;#ffffff&#8221; text_line_height=&#8221;1.9em&#8221; header_font=&#8221;||||||||&#8221; header_text_color=&#8221;#ffffff&#8221;]<\/p>\n<h1 style=\"text-align: center;\"><strong>SE ENCUENTRA PROHIBIDO FOTOCOPIAR EL CARNET DEL ASOCIADO<\/strong><\/h1>\n<p>[\/et_pb_text][\/et_pb_column][\/et_pb_row][et_pb_row _builder_version=&#8221;3.25&#8243; custom_padding=&#8221;80px|0px|27px|0px|false|false&#8221;][et_pb_column type=&#8221;4_4&#8243; _builder_version=&#8221;3.25&#8243; custom_padding=&#8221;|||&#8221; custom_padding__hover=&#8221;|||&#8221;][et_pb_button button_url=&#8221;https:\/\/cosechasalud.com\/wordpress\/wp-content\/uploads\/2018\/10\/RP-Mutual-Cosecha-Salud.pdf&#8221; url_new_window=&#8221;on&#8221; button_text=&#8221;Descarga Recetario&#8221; button_alignment=&#8221;center&#8221; _builder_version=&#8221;4.9.7&#8243; custom_button=&#8221;on&#8221; button_text_size=&#8221;33px&#8221; button_text_color=&#8221;#0c71c3&#8243; button_bg_color=&#8221;#7cda24&#8243; button_border_width=&#8221;1px&#8221; button_border_radius=&#8221;8px&#8221; button_letter_spacing=&#8221;1px&#8221; button_font=&#8221;||||||||&#8221; button_use_icon=&#8221;off&#8221; hover_enabled=&#8221;0&#8243; button_text_size_tablet=&#8221;&#8221; button_text_size_phone=&#8221;&#8221; button_text_size_last_edited=&#8221;on|desktop&#8221; sticky_enabled=&#8221;0&#8243;][\/et_pb_button][\/et_pb_column][\/et_pb_row][\/et_pb_section]<\/p>\n","protected":false},"excerpt":{"rendered":"<p>Modo de uso plan VIP DORADO consultas\u00a0 S\u00e9 podr\u00e1n realizar en Rp y debe contener los siguientes datos: Nombre del socio N\u00famero del socio Fecha de consulta Diagn\u00f3stico Firma y Aclaraci\u00f3n del socio DNI del socio farmacia S\u00e9 podr\u00e1n realizar en Rp y pueden contener hasta dos (02) medicamentos por Rp. Es obligatorio colocar la [&hellip;]<\/p>\n","protected":false},"author":1,"featured_media":0,"parent":0,"menu_order":0,"comment_status":"closed","ping_status":"closed","template":"","meta":{"_et_pb_use_builder":"on","_et_pb_old_content":"","_et_gb_content_width":"","_monsterinsights_skip_tracking":false,"_monsterinsights_sitenote_active":false,"_monsterinsights_sitenote_note":"","_monsterinsights_sitenote_category":0,"footnotes":""},"class_list":["post-897","page","type-page","status-publish","hentry"],"_links":{"self":[{"href":"https:\/\/cosechasalud.com\/wordpress\/wp-json\/wp\/v2\/pages\/897","targetHints":{"allow":["GET"]}}],"collection":[{"href":"https:\/\/cosechasalud.com\/wordpress\/wp-json\/wp\/v2\/pages"}],"about":[{"href":"https:\/\/cosechasalud.com\/wordpress\/wp-json\/wp\/v2\/types\/page"}],"author":[{"embeddable":true,"href":"https:\/\/cosechasalud.com\/wordpress\/wp-json\/wp\/v2\/users\/1"}],"replies":[{"embeddable":true,"href":"https:\/\/cosechasalud.com\/wordpress\/wp-json\/wp\/v2\/comments?post=897"}],"version-history":[{"count":21,"href":"https:\/\/cosechasalud.com\/wordpress\/wp-json\/wp\/v2\/pages\/897\/revisions"}],"predecessor-version":[{"id":2444,"href":"https:\/\/cosechasalud.com\/wordpress\/wp-json\/wp\/v2\/pages\/897\/revisions\/2444"}],"wp:attachment":[{"href":"https:\/\/cosechasalud.com\/wordpress\/wp-json\/wp\/v2\/media?parent=897"}],"curies":[{"name":"wp","href":"https:\/\/api.w.org\/{rel}","templated":true}]}}